{"id":91,"date":"2024-06-10T05:57:24","date_gmt":"2024-06-10T05:57:24","guid":{"rendered":"https:\/\/inmobilge.com.mx\/?page_id=91"},"modified":"2024-06-10T06:09:14","modified_gmt":"2024-06-10T06:09:14","slug":"servicios","status":"publish","type":"page","link":"https:\/\/inmobilge.com.mx\/index.php\/servicios\/","title":{"rendered":"Servicios"},"content":{"rendered":"<p>[et_pb_section fb_built=\u00bb1&#8243; theme_builder_area=\u00bbpost_content\u00bb _builder_version=\u00bb4.24.2&#8243; _module_preset=\u00bbdefault\u00bb][et_pb_row _builder_version=\u00bb4.24.2&#8243; _module_preset=\u00bbdefault\u00bb global_colors_info=\u00bb{}\u00bb locked=\u00bboff\u00bb theme_builder_area=\u00bbpost_content\u00bb][et_pb_column type=\u00bb4_4&#8243; _builder_version=\u00bb4.24.2&#8243; _module_preset=\u00bbdefault\u00bb global_colors_info=\u00bb{}\u00bb theme_builder_area=\u00bbpost_content\u00bb][et_pb_heading title=\u00bbNuestros Servicios\u00bb _builder_version=\u00bb4.24.2&#8243; _module_preset=\u00bbdefault\u00bb title_level=\u00bbh3&#8243; title_font=\u00bb|600|||||||\u00bb title_text_color=\u00bb#7ebec5&#8243; title_font_size=\u00bb40px\u00bb hover_enabled=\u00bb0&#8243; title_font_size_tablet=\u00bb40px\u00bb title_font_size_phone=\u00bb10vw\u00bb title_font_size_last_edited=\u00bbon|desktop\u00bb title_text_shadow_style=\u00bbpreset1&#8243; title_text_shadow_blur_strength=\u00bb0.15em\u00bb title_text_shadow_color=\u00bbrgba(0,0,0,0.26)\u00bb border_width_bottom=\u00bb7px\u00bb border_color_bottom=\u00bbrgba(0,94,83,0.1)\u00bb border_style_bottom=\u00bbdouble\u00bb global_colors_info=\u00bb{}\u00bb theme_builder_area=\u00bbpost_content\u00bb sticky_enabled=\u00bb0&#8243;][\/et_pb_heading][\/et_pb_column][\/et_pb_row][et_pb_row column_structure=\u00bb2_3,1_3&#8243; _builder_version=\u00bb4.24.2&#8243; _module_preset=\u00bbdefault\u00bb hover_enabled=\u00bb0&#8243; global_colors_info=\u00bb{}\u00bb locked=\u00bboff\u00bb theme_builder_area=\u00bbpost_content\u00bb sticky_enabled=\u00bb0&#8243;][et_pb_column type=\u00bb2_3&#8243; _builder_version=\u00bb4.24.2&#8243; _module_preset=\u00bbdefault\u00bb global_colors_info=\u00bb{}\u00bb theme_builder_area=\u00bbpost_content\u00bb][et_pb_text _builder_version=\u00bb4.24.2&#8243; _module_preset=\u00bbdefault\u00bb global_colors_info=\u00bb{}\u00bb theme_builder_area=\u00bbpost_content\u00bb]Es necesario saber como y en donde se tienen perdidas de eficiencia en procesos, y cuantificar el ahorro y recuperaci\u00f3n de la inversi\u00f3n de acuerdo a las adecuaciones necesaria ya sea en maquinaria, instalaciones o accesorios.[\/et_pb_text][\/et_pb_column][et_pb_column type=\u00bb1_3&#8243; _builder_version=\u00bb4.24.2&#8243; _module_preset=\u00bbdefault\u00bb global_colors_info=\u00bb{}\u00bb theme_builder_area=\u00bbpost_content\u00bb][et_pb_image src=\u00bbhttps:\/\/inmobilge.com.mx\/wp-content\/uploads\/2024\/06\/nuestros-ser2.jpg\u00bb _builder_version=\u00bb4.24.2&#8243; _module_preset=\u00bbdefault\u00bb theme_builder_area=\u00bbpost_content\u00bb title_text=\u00bbnuestros-ser2&#8243; hover_enabled=\u00bb0&#8243; sticky_enabled=\u00bb0&#8243;][\/et_pb_image][\/et_pb_column][\/et_pb_row][et_pb_row column_structure=\u00bb2_3,1_3&#8243; _builder_version=\u00bb4.24.2&#8243; _module_preset=\u00bbdefault\u00bb global_colors_info=\u00bb{}\u00bb locked=\u00bboff\u00bb theme_builder_area=\u00bbpost_content\u00bb][et_pb_column type=\u00bb2_3&#8243; _builder_version=\u00bb4.24.2&#8243; _module_preset=\u00bbdefault\u00bb global_colors_info=\u00bb{}\u00bb theme_builder_area=\u00bbpost_content\u00bb][et_pb_text _builder_version=\u00bb4.24.2&#8243; _module_preset=\u00bbdefault\u00bb hover_enabled=\u00bb0&#8243; global_colors_info=\u00bb{}\u00bb theme_builder_area=\u00bbpost_content\u00bb sticky_enabled=\u00bb0&#8243;]<\/p>\n<ul>\n<li>Dise\u00f1o e ingenier\u00eda de instalaciones de aprovechamiento de diferentes tipos de combustibles (Gas L.P. Gas Natural, Diesel y Combust\u00f3leo.<\/li>\n<li>Sistemas de Resp\u00e1ldo de Gas L.P.<\/li>\n<li>Fabricaci\u00f3n de tanques especiales y c\u00e1maras de combusti\u00f3n.<\/li>\n<li>Conversi\u00f3n de equipos (industriales).<\/li>\n<li>Venta e instalaci\u00f3n de Quemadores de combustibles l\u00edquidos, gaseosos, duales y biomasa. Con capacidades de 16.6 kW hasta 50,200 kW.<\/li>\n<li>Venta e instalaci\u00f3n de Calderas de 2 y 3 pasos de tubos de humos y agua, as\u00ed como de biomasa.<\/li>\n<li>Venta e instalaci\u00f3n de Generadores de Vapor de baja. media y alta presi\u00f3n.<\/li>\n<li>Venta e instalaci\u00f3n de de Calentadores de Aceite T\u00e9rmico.<\/li>\n<li>Venta e instalaci\u00f3n de Accesorios (Reguladores, Medidores de gas, vapor, agua, V\u00e1lvulas de bola, esfera, aguja, antis\u00edsmicas, solenoides, mariposa, man\u00f3metros de baja y alta presi\u00f3n, tanques estacionari\u00f3s, vaporizadores, ect.).<\/li>\n<li>Venta e instalaci\u00f3n de refacciones para equipos industriales (Quemadores, Calderas, Generadores de<\/li>\n<li>Vapor, Secadores, etc.).<\/li>\n<li>Asesor\u00edas T\u00e9cnicas.<\/li>\n<li>Proyecci\u00f3n, venta e instalaci\u00f3n de tratamientos ac\u00fasticos para insonorizar espacios.<\/li>\n<\/ul>\n<p>[\/et_pb_text][\/et_pb_column][et_pb_column type=\u00bb1_3&#8243; _builder_version=\u00bb4.24.2&#8243; _module_preset=\u00bbdefault\u00bb global_colors_info=\u00bb{}\u00bb theme_builder_area=\u00bbpost_content\u00bb][et_pb_image src=\u00bbhttps:\/\/inmobilge.com.mx\/wp-content\/uploads\/2024\/06\/nuestros-serv.jpg\u00bb _builder_version=\u00bb4.24.2&#8243; _module_preset=\u00bbdefault\u00bb theme_builder_area=\u00bbpost_content\u00bb title_text=\u00bbnuestros-serv\u00bb hover_enabled=\u00bb0&#8243; sticky_enabled=\u00bb0&#8243;][\/et_pb_image][\/et_pb_column][\/et_pb_row][\/et_pb_section]<\/p>\n","protected":false},"excerpt":{"rendered":"<p>Es necesario saber como y en donde se tienen perdidas de eficiencia en procesos, y cuantificar el ahorro y recuperaci\u00f3n de la inversi\u00f3n de acuerdo a las adecuaciones necesaria ya sea en maquinaria, instalaciones o accesorios. Dise\u00f1o e ingenier\u00eda de instalaciones de aprovechamiento de diferentes tipos de combustibles (Gas L.P. Gas Natural, Diesel y Combust\u00f3leo. [&hellip;]<\/p>\n","protected":false},"author":1,"featured_media":0,"parent":0,"menu_order":0,"comment_status":"closed","ping_status":"closed","template":"","meta":{"_et_pb_use_builder":"on","_et_pb_old_content":"<!-- wp:divi\/placeholder \/-->","_et_gb_content_width":"","footnotes":""},"class_list":["post-91","page","type-page","status-publish","hentry"],"_links":{"self":[{"href":"https:\/\/inmobilge.com.mx\/index.php\/wp-json\/wp\/v2\/pages\/91","targetHints":{"allow":["GET"]}}],"collection":[{"href":"https:\/\/inmobilge.com.mx\/index.php\/wp-json\/wp\/v2\/pages"}],"about":[{"href":"https:\/\/inmobilge.com.mx\/index.php\/wp-json\/wp\/v2\/types\/page"}],"author":[{"embeddable":true,"href":"https:\/\/inmobilge.com.mx\/index.php\/wp-json\/wp\/v2\/users\/1"}],"replies":[{"embeddable":true,"href":"https:\/\/inmobilge.com.mx\/index.php\/wp-json\/wp\/v2\/comments?post=91"}],"version-history":[{"count":3,"href":"https:\/\/inmobilge.com.mx\/index.php\/wp-json\/wp\/v2\/pages\/91\/revisions"}],"predecessor-version":[{"id":104,"href":"https:\/\/inmobilge.com.mx\/index.php\/wp-json\/wp\/v2\/pages\/91\/revisions\/104"}],"wp:attachment":[{"href":"https:\/\/inmobilge.com.mx\/index.php\/wp-json\/wp\/v2\/media?parent=91"}],"curies":[{"name":"wp","href":"https:\/\/api.w.org\/{rel}","templated":true}]}}